 prime factors of 6937?
7, 991
What are the prime factors of 181097?
7, 41, 631
What are the prime factors of 16723?
7, 2389
List the prime factors of 6281.
11, 571
List the prime factors of 250.
2, 5
What are the prime factors of 2403?
3, 89
List the prime factors of 141305.
5, 59, 479
List the prime factors of 12588.
2, 3, 1049
What are the prime factors of 2991?
3, 997
What are the prime factors of 24215?
5, 29, 167
List the prime factors of 6064.
2, 379
What are the prime factors of 1231?
1231
List the prime factors of 16029.
3, 13, 137
What are the prime factors of 15074?
2, 7537
List the prime factors of 2316.
2, 3, 193
List the prime factors of 7362.
2, 3, 409
What are the prime factors of 694?
2, 347
What are the prime factors of 7366?
2, 29, 127
List the prime factors of 493.
17, 29
List the prime factors of 2001.
3, 23, 29
List the prime factors of 227.
227
What are the prime factors of 56871?
3, 71, 89
List the prime factors of 5269.
11, 479
What are the prime factors of 38099?
31, 1229
What are the prime factors of 6015?
3, 5, 401
What are the prime factors of 5142?
2, 3, 857
What are the prime factors of 902?
2, 11, 41
What are the prime factors of 1823?
1823
List the prime factors of 20185.
5, 11, 367
What are the prime factors of 2890?
2, 5, 17
List the prime factors of 3498.
2, 3, 11, 53
What are the prime factors of 2620?
2, 5, 131
List the prime factors of 9032.
2, 1129
List the prime factors of 18120.
2, 3, 5, 151
List the prime factors of 80465.
5, 7, 11, 19
List the prime factors of 5881.
5881
What are the prime factors of 34256?
2, 2141
What are the prime factors of 870?
2, 3, 5, 29
What are the prime factors of 1026?
2, 3, 19
List the prime factors of 1224.
2, 3, 17
What are the prime factors of 14172?
2, 3, 1181
What are the prime factors of 471?
3, 157
List the prime factors of 51735.
3, 5, 3449
List the prime factors of 26250.
2, 3, 5, 7
List the prime factors of 3409.
7, 487
List the prime factors of 10752.
2, 3, 7
What are the prime factors of 72817?
72817
List the prime factors of 79336.
2, 47, 211
List the prime factors of 16290.
2, 3, 5, 181
List the prime factors of 1557.
3, 173
What are the prime factors of 12739?
12739
List the prime factors of 245.
5, 7
List the prime factors of 11363.
11, 1033
What are the prime factors of 40285?
5, 7, 1151
What are the prime factors of 490?
2, 5, 7
What are the prime factors of 69573?
3, 7, 3313
What are the prime factors of 153555?
3, 5, 29, 353
What are the prime factors of 29056?
2, 227
What are the prime factors of 112286?
2, 23, 2441
What are the prime factors of 681?
3, 227
What are the prime factors of 4270?
2, 5, 7, 61
List the prime factors of 307.
307
What are the prime factors of 240?
2, 3, 5
List the prime factors of 13263.
3, 4421
What are the prime factors of 3119?
3119
What are the prime factors of 1605?
3, 5, 107
What are the prime factors of 90067?
90067
List the prime factors of 3201.
3, 11, 97
What are the prime factors of 5664?
2, 3, 59
List the prime factors of 3044.
2, 761
List the prime factors of 1774.
2, 887
What are the prime factors of 109739?
7, 61, 257
What are the prime factors of 8961?
3, 29, 103
List the prime factors of 1101.
3, 367
List the prime factors of 2541.
3, 7, 11
List the prime factors of 718.
2, 359
List the prime factors of 217.
7, 31
List the prime factors of 16583.
7, 23, 103
List the prime factors of 5523.
3, 7, 263
List the prime factors of 101688.
2, 3, 19, 223
What are the prime factors of 70860?
2, 3, 5, 1181
List the prime factors of 12483.
3, 19, 73
What are the prime factors of 3369?
3, 1123
What are the prime factors of 12673?
19, 23, 29
What are the prime factors of 60533?
11, 5503
List the prime factors of 2028.
2, 3, 13
List the prime factors of 674.
2, 337
What are the prime factors of 1120?
2, 5, 7
What are the prime factors of 4170?
2, 3, 5, 139
What are the prime factors of 1938?
2, 3, 17, 19
List the prime factors of 363.
3, 11
List the prime factors of 978.
2, 3, 163
List the prime factors of 63404.
2, 11, 131
What are the prime factors of 1511?
1511
List the prime factors of 49331.
49331
What are the prime factors of 6796?
2, 1699
List the prime factors of 592.
2, 37
List the prime factors of 419.
419
What are the prime factors of 434?
2, 7, 31
What are the prime factors of 3015?
3, 5, 67
What are the prime factors of 325?
5, 13
List the prime factors of 874.
2, 19, 23
List the prime factors of 20758.
2, 97, 107
What are the prime factors of 2946?
2, 3, 491
What are the prime factors of 21761?
47, 463
What are the prime factors of 105880?
2, 5, 2647
List the prime factors of 173.
173
What are the prime factors of 753?
3, 251
What are the prime factors of 65154?
2, 3, 10859
List the prime factors of 53772.
2, 3, 4481
List the prime factors of 193469.
193469
What are the prime factors of 2031?
3, 677
List the prime factors of 7799.
11, 709
What are the prime factors of 1078?
2, 7, 11
List the prime factors of 7820.
2, 5, 17, 23
What are the prime factors of 441?
3, 7
What are the prime factors of 1652?
2, 7, 59
What are the prime factors of 1946?
2, 7, 139
List the prime factors of 2281.
2281
List the prime factors of 34519.
34519
List the prime factors of 10201.
101
List the prime factors of 139166.
2, 149, 467
List the prime factors of 89748.
2, 3, 277
List the prime factors of 285.
3, 5, 19
What are the prime factors of 32562?
2, 3, 67
List the prime factors of 3404.
2, 23, 37
What are the prime factors of 20282?
2, 10141
List the prime factors of 994.
2, 7, 71
List the prime factors of 18305.
5, 7, 523
What are the prime factors of 8216?
2, 13, 79
List the prime factors of 21875.
5, 7
List the prime factors of 7526.
2, 53, 71
What are the prime factors of 2730?
2, 3, 5, 7, 13
What are the prime factors of 164295?
3, 5, 1217
What are the prime factors of 63501?
3, 61, 347
List the prime factors of 8616.
2, 3, 359
What are the prime factors of 114717?
3, 38239
List the prime factors of 32479.
32479
List the prime factors of 138725.
5, 31, 179
What are the prime factors of 14849?
31, 479
What are the prime factors of 2544?
2, 3, 53
What are the prime factors of 12320?
2, 5, 7, 11
List the prime factors of 4801.
4801
What are the prime factors of 552?
2, 3, 23
What are the prime factors of 638?
2, 11, 29
List the prime factors of 6372.
2, 3, 59
List the prime factors of 9186.
2, 3, 1531
List the prime factors of 1048.
2, 131
List the prime factors of 14261.
13, 1097
What are the prime factors of 472?
2, 59
List the prime factors of 139593.
3, 19, 31, 79
What are the prime factors of 2080?
2, 5, 13
List the prime factors of 20916.
2, 3, 7, 83
What are the prime factors of 1026?
2, 3, 19
What are the prime factors of 12614?
2, 7, 17, 53
What are the prime factors of 1616?
2, 101
List the prime factors of 525.
3, 5, 7
List the prime factors of 5522.
2, 11, 251
What are the prime factors of 3599?
59, 61
List the prime factors of 81901.
81901
What are the prime factors of 7072?
2, 13, 17
List the prime factors of 50281.
7, 11, 653
What are the prime factors of 10754?
2, 19, 283
List the prime factors of 164414.
2, 82207
List the prime factors of 1490.
2, 5, 149
What are the prime factors of 12609?
3, 467
List the prime factors of 4098.
2, 3, 683
List the prime factors of 55137.
3, 18379
What are the prime factors of 41167?
7, 5881
List the prime factors of 4043.
13, 311
What are the prime factors of 2164?
2, 541
What are the prime factors of 7382?
2, 3691
List the prime factors of 4284.
2, 3, 7, 17
What are the prime factors of 59554?
2, 11, 2707
List the prime factors of 17351.
17351
What are the prime factors of 4642?
2, 11, 211
List the prime factors of 206.
2, 103
List the prime factors of 2219.
7, 317
List the prime factors of 32548.
2, 79, 103
What are the prime factors of 3910?
2, 5, 17, 23
List the prime factors of 395.
5, 79
List the prime factors of 12435.
3, 5, 829
List the prime factors of 18588.
2, 3, 1549
What are the prime factors of 6638?
2, 3319
What are the prime factors of 1623?
3, 541
List the prime factors of 1390.
2, 5, 139
List the prime factors of 26919.
3, 997
List the prime factors of 2475.
3, 5, 11
List the prime factors of 104317.
73, 1429
List the prime factors of 6850.
2, 5, 137
Li